{"id":11475,"date":"2024-07-11T09:43:27","date_gmt":"2024-07-11T07:43:27","guid":{"rendered":"http:\/\/tvxdcue.cluster031.hosting.ovh.net\/Site_wb_crl10\/?page_id=11475"},"modified":"2025-11-17T16:26:09","modified_gmt":"2025-11-17T15:26:09","slug":"editorial-catherine-maisonnier","status":"publish","type":"page","link":"https:\/\/www.crl10.net\/index.php\/editorial-catherine-maisonnier\/","title":{"rendered":"\u00c9ditorial &#8211; Catherine Maisonnier"},"content":{"rendered":"\t\t<div data-elementor-type=\"wp-page\" data-elementor-id=\"11475\" class=\"elementor elementor-11475\" data-elementor-post-type=\"page\">\n\t\t\t\t\t\t<section class=\"elementor-section elementor-top-section elementor-element elementor-element-aa9bce2 elementor-section-boxed elementor-section-height-default elementor-section-height-default\" data-id=\"aa9bce2\" data-element_type=\"section\">\n\t\t\t\t\t\t<div class=\"elementor-container elementor-column-gap-default\">\n\t\t\t\t\t<div class=\"elementor-column elementor-col-100 elementor-top-column elementor-element elementor-element-e989068\" data-id=\"e989068\" data-element_type=\"column\">\n\t\t\t<div class=\"elementor-widget-wrap elementor-element-populated\">\n\t\t\t\t\t\t<section class=\"elementor-section elementor-inner-section elementor-element elementor-element-f55f987 elementor-section-boxed elementor-section-height-default elementor-section-height-default\" data-id=\"f55f987\" data-element_type=\"section\">\n\t\t\t\t\t\t<div class=\"elementor-container elementor-column-gap-default\">\n\t\t\t\t\t<div class=\"elementor-column elementor-col-50 elementor-inner-column elementor-element elementor-element-4d9d893\" data-id=\"4d9d893\" data-element_type=\"column\">\n\t\t\t<div class=\"elementor-widget-wrap elementor-element-populated\">\n\t\t\t\t\t\t<div class=\"elementor-element elementor-element-d8f81e9 elementor-widget elementor-widget-image\" data-id=\"d8f81e9\" data-element_type=\"widget\" data-widget_type=\"image.default\">\n\t\t\t\t<div class=\"elementor-widget-container\">\n\t\t\t<style>\/*! elementor - v3.22.0 - 26-06-2024 *\/\n.elementor-widget-image{text-align:center}.elementor-widget-image a{display:inline-block}.elementor-widget-image a img[src$=\".svg\"]{width:48px}.elementor-widget-image img{vertical-align:middle;display:inline-block}<\/style>\t\t\t\t\t\t\t\t\t\t<img fetchpriority=\"high\" decoding=\"async\" width=\"768\" height=\"553\" src=\"https:\/\/www.crl10.net\/wp-content\/uploads\/2024\/07\/CRL10-VISUEL-presidente-2024-1-scaled-e1720683913486-768x553.jpg\" class=\"attachment-medium_large size-medium_large wp-image-11477\" alt=\"\" srcset=\"https:\/\/www.crl10.net\/wp-content\/uploads\/2024\/07\/CRL10-VISUEL-presidente-2024-1-scaled-e1720683913486-768x553.jpg 768w, https:\/\/www.crl10.net\/wp-content\/uploads\/2024\/07\/CRL10-VISUEL-presidente-2024-1-scaled-e1720683913486-300x216.jpg 300w, https:\/\/www.crl10.net\/wp-content\/uploads\/2024\/07\/CRL10-VISUEL-presidente-2024-1-scaled-e1720683913486-1024x737.jpg 1024w, https:\/\/www.crl10.net\/wp-content\/uploads\/2024\/07\/CRL10-VISUEL-presidente-2024-1-scaled-e1720683913486-1536x1106.jpg 1536w, https:\/\/www.crl10.net\/wp-content\/uploads\/2024\/07\/CRL10-VISUEL-presidente-2024-1-scaled-e1720683913486-600x432.jpg 600w, https:\/\/www.crl10.net\/wp-content\/uploads\/2024\/07\/CRL10-VISUEL-presidente-2024-1-scaled-e1720683913486.jpg 1706w\" sizes=\"(max-width: 768px) 100vw, 768px\" \/>\t\t\t\t\t\t\t\t\t\t\t\t\t<\/div>\n\t\t\t\t<\/div>\n\t\t\t\t<div class=\"elementor-element elementor-element-c327134 elementor-widget elementor-widget-text-editor\" data-id=\"c327134\" data-element_type=\"widget\" data-widget_type=\"text-editor.default\">\n\t\t\t\t<div class=\"elementor-widget-container\">\n\t\t\t<style>\/*! elementor - v3.22.0 - 26-06-2024 *\/\n.elementor-widget-text-editor.elementor-drop-cap-view-stacked .elementor-drop-cap{background-color:#69727d;color:#fff}.elementor-widget-text-editor.elementor-drop-cap-view-framed .elementor-drop-cap{color:#69727d;border:3px solid;background-color:transparent}.elementor-widget-text-editor:not(.elementor-drop-cap-view-default) .elementor-drop-cap{margin-top:8px}.elementor-widget-text-editor:not(.elementor-drop-cap-view-default) .elementor-drop-cap-letter{width:1em;height:1em}.elementor-widget-text-editor .elementor-drop-cap{float:left;text-align:center;line-height:1;font-size:50px}.elementor-widget-text-editor .elementor-drop-cap-letter{display:inline-block}<\/style>\t\t\t\t<p><span style=\"font-weight: 400;\">Cher\u00b7e adh\u00e9rent\u00b7e,<br \/><\/span><span style=\"font-weight: 400;\">Cher\u00b7e usager\u00b7e,<\/span><\/p><p><span style=\"font-weight: 400;\">Pour cette nouvelle saison, les quatre centres Paris Anim\u2019 de votre arrondissement &#8211; avec l\u2019ensemble de leurs activit\u00e9s sportives, culturelles et de loisirs -, mettent tout en \u0153uvre pour r\u00e9pondre \u00e0 vos besoins de d\u00e9couverte, d\u2019\u00e9panouissement et de lien social, conform\u00e9ment aux valeurs de l\u2019\u00e9ducation populaire.<\/span><\/p><p><br \/><span style=\"font-weight: 400;\">Suite \u00e0 la d\u00e9localisation des activit\u00e9s du centre Paris Anim\u2019 de Ch\u00e2teau Landon, de nouveaux espaces dans les 10e et 18e arrondissements ont permis la poursuite des activit\u00e9s et des actions du CRL10 sans rupture, pour cette saison et celle \u00e0 venir. Que la mairie du 10<\/span><span style=\"font-weight: 400;\">e<\/span><span style=\"font-weight: 400;\"> arrondissement et la Direction de la Jeunesse et Sport en soient remerci\u00e9es.<\/span><\/p>\t\t\t\t\t\t<\/div>\n\t\t\t\t<\/div>\n\t\t\t\t\t<\/div>\n\t\t<\/div>\n\t\t\t\t<div class=\"elementor-column elementor-col-50 elementor-inner-column elementor-element elementor-element-bcd4fdf\" data-id=\"bcd4fdf\" data-element_type=\"column\">\n\t\t\t<div class=\"elementor-widget-wrap elementor-element-populated\">\n\t\t\t\t\t\t<div class=\"elementor-element elementor-element-f4ad719 elementor-widget elementor-widget-text-editor\" data-id=\"f4ad719\" data-element_type=\"widget\" data-widget_type=\"text-editor.default\">\n\t\t\t\t<div class=\"elementor-widget-container\">\n\t\t\t\t\t\t\t<p><span style=\"font-weight: 400;\">Faisant suite au projet associatif d\u00e9clin\u00e9 suivant quatre axes &#8211; Citoyennet\u00e9, Convivialit\u00e9, Co-Construction et Culture(s) -, les b\u00e9n\u00e9voles, membres associ\u00e9s du conseil d\u2019administration et salari\u00e9s se sont organis\u00e9\u00b7e\u00b7s en onze groupes th\u00e9matiques : programmation culturelle, \u00e9v\u00e9nements de convivialit\u00e9, jeunesse, action sociale, b\u00e9n\u00e9volat, activit\u00e9s et location, \u00e9ducation aux m\u00e9dias, handicap\/actions inclusion, interg\u00e9n\u00e9rationnalit\u00e9, jeunesse, p\u00e9dagogie(s) et sports aquatiques, cr\u00e9ant des espaces de dialogues, r\u00e9flexions et forces de propositions pour le CRL10. N\u2019h\u00e9sitez pas \u00e0 venir rejoindre les groupes th\u00e9matiques et y trouver votre place.<\/span><\/p><p><span style=\"font-weight: 400;\">Le CRL10, au sein de son local associatif, d\u00e9die un espace de co-working, pour l\u2019accueil et la richesse apport\u00e9e par le d\u00e9veloppement du volontariat de jeunes en service civique, jeunes \u00e9galement du corps europ\u00e9en et \u00e9co-volontaires. De l\u2019accueil informel des jeunes dans les centres Paris Anim\u2019 de la Grange aux Belles et espace Jemmapes et de la jeunesse d\u2019autres horizons, se d\u00e9veloppe et continuera de se d\u00e9velopper une dynamique participative vers tous les publics et une conscience citoyenne pour agir sur le monde qui nous entoure.<\/span><\/p><p><span style=\"font-weight: 400;\">Belle saison \u00e0 toutes et tous !<\/span><\/p><p>\u00a0<\/p><p><strong>Catherine Maisonnier\u00a0<br \/>Pr\u00e9sidente de l\u2019association CRL10<\/strong><\/p>\t\t\t\t\t\t<\/div>\n\t\t\t\t<\/div>\n\t\t\t\t\t<\/div>\n\t\t<\/div>\n\t\t\t\t\t<\/div>\n\t\t<\/section>\n\t\t\t\t\t<\/div>\n\t\t<\/div>\n\t\t\t\t\t<\/div>\n\t\t<\/section>\n\t\t\t\t<\/div>\n\t\t","protected":false},"excerpt":{"rendered":"<p>Cher\u00b7e adh\u00e9rent\u00b7e,Cher\u00b7e usager\u00b7e, Pour cette nouvelle saison, les quatre centres Paris Anim\u2019 de votre arrondissement &#8211; avec l\u2019ensemble de leurs activit\u00e9s sportives, culturelles et de loisirs -, mettent tout en \u0153uvre pour r\u00e9pondre \u00e0 vos besoins de d\u00e9couverte, d\u2019\u00e9panouissement et de lien social, conform\u00e9ment aux valeurs de l\u2019\u00e9ducation populaire. Suite \u00e0 la d\u00e9localisation des activit\u00e9s [&hellip;]<\/p>\n","protected":false},"author":2,"featured_media":0,"parent":0,"menu_order":0,"comment_status":"closed","ping_status":"closed","template":"","meta":{"_acf_changed":false,"give_campaign_id":0,"footnotes":""},"class_list":["post-11475","page","type-page","status-publish","hentry"],"acf":[],"yoast_head":"<!-- This site is optimized with the Yoast SEO plugin v27.4 - https:\/\/yoast.com\/product\/yoast-seo-wordpress\/ -->\n<title>\u00c9ditorial - Catherine Maisonnier - CRL10<\/title>\n<meta name=\"robots\" content=\"index, follow, max-snippet:-1, max-image-preview:large, max-video-preview:-1\" \/>\n<link rel=\"canonical\" href=\"https:\/\/www.crl10.net\/index.php\/editorial-catherine-maisonnier\/\" \/>\n<meta property=\"og:locale\" content=\"fr_FR\" \/>\n<meta property=\"og:type\" content=\"article\" \/>\n<meta property=\"og:title\" content=\"\u00c9ditorial - Catherine Maisonnier - CRL10\" \/>\n<meta property=\"og:description\" content=\"Cher\u00b7e adh\u00e9rent\u00b7e,Cher\u00b7e usager\u00b7e, Pour cette nouvelle saison, les quatre centres Paris Anim\u2019 de votre arrondissement &#8211; avec l\u2019ensemble de leurs activit\u00e9s sportives, culturelles et de loisirs -, mettent tout en \u0153uvre pour r\u00e9pondre \u00e0 vos besoins de d\u00e9couverte, d\u2019\u00e9panouissement et de lien social, conform\u00e9ment aux valeurs de l\u2019\u00e9ducation populaire. Suite \u00e0 la d\u00e9localisation des activit\u00e9s [&hellip;]\" \/>\n<meta property=\"og:url\" content=\"https:\/\/www.crl10.net\/index.php\/editorial-catherine-maisonnier\/\" \/>\n<meta property=\"og:site_name\" content=\"CRL10\" \/>\n<meta property=\"article:publisher\" content=\"https:\/\/www.facebook.com\/assocrl10\" \/>\n<meta property=\"article:modified_time\" content=\"2025-11-17T15:26:09+00:00\" \/>\n<meta property=\"og:image\" content=\"https:\/\/www.crl10.org\/wp-content\/uploads\/2024\/07\/CRL10-VISUEL-presidente-2024-1-scaled-e1720683913486-768x553.jpg\" \/>\n<meta name=\"twitter:card\" content=\"summary_large_image\" \/>\n<meta name=\"twitter:label1\" content=\"Dur\u00e9e de lecture estim\u00e9e\" \/>\n\t<meta name=\"twitter:data1\" content=\"2 minutes\" \/>\n<script type=\"application\/ld+json\" class=\"yoast-schema-graph\">{\"@context\":\"https:\\\/\\\/schema.org\",\"@graph\":[{\"@type\":\"WebPage\",\"@id\":\"https:\\\/\\\/www.crl10.net\\\/index.php\\\/editorial-catherine-maisonnier\\\/\",\"url\":\"https:\\\/\\\/www.crl10.net\\\/index.php\\\/editorial-catherine-maisonnier\\\/\",\"name\":\"\u00c9ditorial - Catherine Maisonnier - CRL10\",\"isPartOf\":{\"@id\":\"https:\\\/\\\/www.crl10.net\\\/#website\"},\"primaryImageOfPage\":{\"@id\":\"https:\\\/\\\/www.crl10.net\\\/index.php\\\/editorial-catherine-maisonnier\\\/#primaryimage\"},\"image\":{\"@id\":\"https:\\\/\\\/www.crl10.net\\\/index.php\\\/editorial-catherine-maisonnier\\\/#primaryimage\"},\"thumbnailUrl\":\"https:\\\/\\\/www.crl10.org\\\/wp-content\\\/uploads\\\/2024\\\/07\\\/CRL10-VISUEL-presidente-2024-1-scaled-e1720683913486-768x553.jpg\",\"datePublished\":\"2024-07-11T07:43:27+00:00\",\"dateModified\":\"2025-11-17T15:26:09+00:00\",\"breadcrumb\":{\"@id\":\"https:\\\/\\\/www.crl10.net\\\/index.php\\\/editorial-catherine-maisonnier\\\/#breadcrumb\"},\"inLanguage\":\"fr-FR\",\"potentialAction\":[{\"@type\":\"ReadAction\",\"target\":[\"https:\\\/\\\/www.crl10.net\\\/index.php\\\/editorial-catherine-maisonnier\\\/\"]}]},{\"@type\":\"ImageObject\",\"inLanguage\":\"fr-FR\",\"@id\":\"https:\\\/\\\/www.crl10.net\\\/index.php\\\/editorial-catherine-maisonnier\\\/#primaryimage\",\"url\":\"https:\\\/\\\/www.crl10.org\\\/wp-content\\\/uploads\\\/2024\\\/07\\\/CRL10-VISUEL-presidente-2024-1-scaled-e1720683913486-768x553.jpg\",\"contentUrl\":\"https:\\\/\\\/www.crl10.org\\\/wp-content\\\/uploads\\\/2024\\\/07\\\/CRL10-VISUEL-presidente-2024-1-scaled-e1720683913486-768x553.jpg\"},{\"@type\":\"BreadcrumbList\",\"@id\":\"https:\\\/\\\/www.crl10.net\\\/index.php\\\/editorial-catherine-maisonnier\\\/#breadcrumb\",\"itemListElement\":[{\"@type\":\"ListItem\",\"position\":1,\"name\":\"Accueil\",\"item\":\"https:\\\/\\\/www.crl10.net\\\/\"},{\"@type\":\"ListItem\",\"position\":2,\"name\":\"\u00c9ditorial &#8211; Catherine Maisonnier\"}]},{\"@type\":\"WebSite\",\"@id\":\"https:\\\/\\\/www.crl10.net\\\/#website\",\"url\":\"https:\\\/\\\/www.crl10.net\\\/\",\"name\":\"CRL10\",\"description\":\"Education populaire, Paris 10e\",\"publisher\":{\"@id\":\"https:\\\/\\\/www.crl10.net\\\/#organization\"},\"potentialAction\":[{\"@type\":\"SearchAction\",\"target\":{\"@type\":\"EntryPoint\",\"urlTemplate\":\"https:\\\/\\\/www.crl10.net\\\/?s={search_term_string}\"},\"query-input\":{\"@type\":\"PropertyValueSpecification\",\"valueRequired\":true,\"valueName\":\"search_term_string\"}}],\"inLanguage\":\"fr-FR\"},{\"@type\":\"Organization\",\"@id\":\"https:\\\/\\\/www.crl10.net\\\/#organization\",\"name\":\"CRL10\",\"url\":\"https:\\\/\\\/www.crl10.net\\\/\",\"logo\":{\"@type\":\"ImageObject\",\"inLanguage\":\"fr-FR\",\"@id\":\"https:\\\/\\\/www.crl10.net\\\/#\\\/schema\\\/logo\\\/image\\\/\",\"url\":\"https:\\\/\\\/www.crl10.net\\\/wp-content\\\/uploads\\\/2022\\\/07\\\/CRL_logo_site.jpg\",\"contentUrl\":\"https:\\\/\\\/www.crl10.net\\\/wp-content\\\/uploads\\\/2022\\\/07\\\/CRL_logo_site.jpg\",\"width\":350,\"height\":100,\"caption\":\"CRL10\"},\"image\":{\"@id\":\"https:\\\/\\\/www.crl10.net\\\/#\\\/schema\\\/logo\\\/image\\\/\"},\"sameAs\":[\"https:\\\/\\\/www.facebook.com\\\/assocrl10\",\"https:\\\/\\\/www.instagram.com\\\/asso_crl10\\\/\",\"https:\\\/\\\/www.youtube.com\\\/@asso_crl10\",\"https:\\\/\\\/www.linkedin.com\\\/company\\\/crl10\\\/\",\"https:\\\/\\\/soundcloud.com\\\/user-291561763\",\"https:\\\/\\\/www.tiktok.com\\\/@asso_crl10\"]}]}<\/script>\n<!-- \/ Yoast SEO plugin. -->","yoast_head_json":{"title":"\u00c9ditorial - Catherine Maisonnier - CRL10","robots":{"index":"index","follow":"follow","max-snippet":"max-snippet:-1","max-image-preview":"max-image-preview:large","max-video-preview":"max-video-preview:-1"},"canonical":"https:\/\/www.crl10.net\/index.php\/editorial-catherine-maisonnier\/","og_locale":"fr_FR","og_type":"article","og_title":"\u00c9ditorial - Catherine Maisonnier - CRL10","og_description":"Cher\u00b7e adh\u00e9rent\u00b7e,Cher\u00b7e usager\u00b7e, Pour cette nouvelle saison, les quatre centres Paris Anim\u2019 de votre arrondissement &#8211; avec l\u2019ensemble de leurs activit\u00e9s sportives, culturelles et de loisirs -, mettent tout en \u0153uvre pour r\u00e9pondre \u00e0 vos besoins de d\u00e9couverte, d\u2019\u00e9panouissement et de lien social, conform\u00e9ment aux valeurs de l\u2019\u00e9ducation populaire. Suite \u00e0 la d\u00e9localisation des activit\u00e9s [&hellip;]","og_url":"https:\/\/www.crl10.net\/index.php\/editorial-catherine-maisonnier\/","og_site_name":"CRL10","article_publisher":"https:\/\/www.facebook.com\/assocrl10","article_modified_time":"2025-11-17T15:26:09+00:00","og_image":[{"url":"https:\/\/www.crl10.org\/wp-content\/uploads\/2024\/07\/CRL10-VISUEL-presidente-2024-1-scaled-e1720683913486-768x553.jpg","type":"","width":"","height":""}],"twitter_card":"summary_large_image","twitter_misc":{"Dur\u00e9e de lecture estim\u00e9e":"2 minutes"},"schema":{"@context":"https:\/\/schema.org","@graph":[{"@type":"WebPage","@id":"https:\/\/www.crl10.net\/index.php\/editorial-catherine-maisonnier\/","url":"https:\/\/www.crl10.net\/index.php\/editorial-catherine-maisonnier\/","name":"\u00c9ditorial - Catherine Maisonnier - CRL10","isPartOf":{"@id":"https:\/\/www.crl10.net\/#website"},"primaryImageOfPage":{"@id":"https:\/\/www.crl10.net\/index.php\/editorial-catherine-maisonnier\/#primaryimage"},"image":{"@id":"https:\/\/www.crl10.net\/index.php\/editorial-catherine-maisonnier\/#primaryimage"},"thumbnailUrl":"https:\/\/www.crl10.org\/wp-content\/uploads\/2024\/07\/CRL10-VISUEL-presidente-2024-1-scaled-e1720683913486-768x553.jpg","datePublished":"2024-07-11T07:43:27+00:00","dateModified":"2025-11-17T15:26:09+00:00","breadcrumb":{"@id":"https:\/\/www.crl10.net\/index.php\/editorial-catherine-maisonnier\/#breadcrumb"},"inLanguage":"fr-FR","potentialAction":[{"@type":"ReadAction","target":["https:\/\/www.crl10.net\/index.php\/editorial-catherine-maisonnier\/"]}]},{"@type":"ImageObject","inLanguage":"fr-FR","@id":"https:\/\/www.crl10.net\/index.php\/editorial-catherine-maisonnier\/#primaryimage","url":"https:\/\/www.crl10.org\/wp-content\/uploads\/2024\/07\/CRL10-VISUEL-presidente-2024-1-scaled-e1720683913486-768x553.jpg","contentUrl":"https:\/\/www.crl10.org\/wp-content\/uploads\/2024\/07\/CRL10-VISUEL-presidente-2024-1-scaled-e1720683913486-768x553.jpg"},{"@type":"BreadcrumbList","@id":"https:\/\/www.crl10.net\/index.php\/editorial-catherine-maisonnier\/#breadcrumb","itemListElement":[{"@type":"ListItem","position":1,"name":"Accueil","item":"https:\/\/www.crl10.net\/"},{"@type":"ListItem","position":2,"name":"\u00c9ditorial &#8211; Catherine Maisonnier"}]},{"@type":"WebSite","@id":"https:\/\/www.crl10.net\/#website","url":"https:\/\/www.crl10.net\/","name":"CRL10","description":"Education populaire, Paris 10e","publisher":{"@id":"https:\/\/www.crl10.net\/#organization"},"potentialAction":[{"@type":"SearchAction","target":{"@type":"EntryPoint","urlTemplate":"https:\/\/www.crl10.net\/?s={search_term_string}"},"query-input":{"@type":"PropertyValueSpecification","valueRequired":true,"valueName":"search_term_string"}}],"inLanguage":"fr-FR"},{"@type":"Organization","@id":"https:\/\/www.crl10.net\/#organization","name":"CRL10","url":"https:\/\/www.crl10.net\/","logo":{"@type":"ImageObject","inLanguage":"fr-FR","@id":"https:\/\/www.crl10.net\/#\/schema\/logo\/image\/","url":"https:\/\/www.crl10.net\/wp-content\/uploads\/2022\/07\/CRL_logo_site.jpg","contentUrl":"https:\/\/www.crl10.net\/wp-content\/uploads\/2022\/07\/CRL_logo_site.jpg","width":350,"height":100,"caption":"CRL10"},"image":{"@id":"https:\/\/www.crl10.net\/#\/schema\/logo\/image\/"},"sameAs":["https:\/\/www.facebook.com\/assocrl10","https:\/\/www.instagram.com\/asso_crl10\/","https:\/\/www.youtube.com\/@asso_crl10","https:\/\/www.linkedin.com\/company\/crl10\/","https:\/\/soundcloud.com\/user-291561763","https:\/\/www.tiktok.com\/@asso_crl10"]}]}},"campaignId":"","_links":{"self":[{"href":"https:\/\/www.crl10.net\/index.php\/wp-json\/wp\/v2\/pages\/11475","targetHints":{"allow":["GET"]}}],"collection":[{"href":"https:\/\/www.crl10.net\/index.php\/wp-json\/wp\/v2\/pages"}],"about":[{"href":"https:\/\/www.crl10.net\/index.php\/wp-json\/wp\/v2\/types\/page"}],"author":[{"embeddable":true,"href":"https:\/\/www.crl10.net\/index.php\/wp-json\/wp\/v2\/users\/2"}],"replies":[{"embeddable":true,"href":"https:\/\/www.crl10.net\/index.php\/wp-json\/wp\/v2\/comments?post=11475"}],"version-history":[{"count":10,"href":"https:\/\/www.crl10.net\/index.php\/wp-json\/wp\/v2\/pages\/11475\/revisions"}],"predecessor-version":[{"id":17652,"href":"https:\/\/www.crl10.net\/index.php\/wp-json\/wp\/v2\/pages\/11475\/revisions\/17652"}],"wp:attachment":[{"href":"https:\/\/www.crl10.net\/index.php\/wp-json\/wp\/v2\/media?parent=11475"}],"curies":[{"name":"wp","href":"https:\/\/api.w.org\/{rel}","templated":true}]}}