{"id":13941,"date":"2024-08-02T19:37:45","date_gmt":"2024-08-02T17:37:45","guid":{"rendered":"http:\/\/tvxdcue.cluster031.hosting.ovh.net\/Site_wb_crl10\/?post_type=annonce&#038;p=13941"},"modified":"2024-08-02T19:42:17","modified_gmt":"2024-08-02T17:42:17","slug":"unune-animateurrice-daccueil","status":"publish","type":"annonce","link":"https:\/\/www.crl10.net\/index.php\/annonce\/unune-animateurrice-daccueil\/","title":{"rendered":"Un(une) animateur(rice) d\u2019accueil"},"content":{"rendered":"\n<p>Nous attachons une tr\u00e8s grande importance \u00e0 l&rsquo;accueil car c&rsquo;est le moment du premier contact avec<br>les \u00e9quipes qui offriront une \u00e9coute personnalis\u00e9e et de qualit\u00e9 pour aider \u00e0 la fid\u00e9lisation des<br>usagers et des adh\u00e9rents, donner la meilleure image des 4 centres Paris Anim&rsquo; du 10\u00e8me et conforter<br>la convivialit\u00e9 de l\u2019association CRL10. L\u2019animateur(trice) d\u2019accueil occupe un poste fondamental de notre activit\u00e9.<\/p>\n","protected":false},"featured_media":12727,"template":"","meta":{"_acf_changed":false,"give_campaign_id":0,"footnotes":""},"contrat":[110],"class_list":["post-13941","annonce","type-annonce","status-publish","has-post-thumbnail","hentry","contrat-cdd"],"acf":[],"yoast_head":"<!-- This site is optimized with the Yoast SEO plugin v27.5 - https:\/\/yoast.com\/product\/yoast-seo-wordpress\/ -->\n<title>Un(une) animateur(rice) d\u2019accueil - CRL10<\/title>\n<meta name=\"robots\" content=\"index, follow, max-snippet:-1, max-image-preview:large, max-video-preview:-1\" \/>\n<link rel=\"canonical\" href=\"https:\/\/www.crl10.net\/index.php\/annonce\/unune-animateurrice-daccueil\/\" \/>\n<meta property=\"og:locale\" content=\"fr_FR\" \/>\n<meta property=\"og:type\" content=\"article\" \/>\n<meta property=\"og:title\" content=\"Un(une) animateur(rice) d\u2019accueil - CRL10\" \/>\n<meta property=\"og:description\" content=\"Nous attachons une tr\u00e8s grande importance \u00e0 l&rsquo;accueil car c&rsquo;est le moment du premier contact avecles \u00e9quipes qui offriront une \u00e9coute personnalis\u00e9e et de qualit\u00e9 pour aider \u00e0 la fid\u00e9lisation desusagers et des adh\u00e9rents, donner la meilleure image des 4 centres Paris Anim&rsquo; du 10\u00e8me et conforterla convivialit\u00e9 de l\u2019association CRL10. L\u2019animateur(trice) d\u2019accueil occupe un [&hellip;]\" \/>\n<meta property=\"og:url\" content=\"https:\/\/www.crl10.net\/index.php\/annonce\/unune-animateurrice-daccueil\/\" \/>\n<meta property=\"og:site_name\" content=\"CRL10\" \/>\n<meta property=\"article:publisher\" content=\"https:\/\/www.facebook.com\/assocrl10\" \/>\n<meta property=\"article:modified_time\" content=\"2024-08-02T17:42:17+00:00\" \/>\n<meta property=\"og:image\" content=\"https:\/\/www.crl10.net\/wp-content\/uploads\/2024\/07\/MG_9706-scaled.jpg\" \/>\n\t<meta property=\"og:image:width\" content=\"2560\" \/>\n\t<meta property=\"og:image:height\" content=\"1707\" \/>\n\t<meta property=\"og:image:type\" content=\"image\/jpeg\" \/>\n<meta name=\"twitter:card\" content=\"summary_large_image\" \/>\n<meta name=\"twitter:label1\" content=\"Dur\u00e9e de lecture estim\u00e9e\" \/>\n\t<meta name=\"twitter:data1\" content=\"1 minute\" \/>\n<script type=\"application\/ld+json\" class=\"yoast-schema-graph\">{\"@context\":\"https:\\\/\\\/schema.org\",\"@graph\":[{\"@type\":\"WebPage\",\"@id\":\"https:\\\/\\\/www.crl10.net\\\/index.php\\\/annonce\\\/unune-animateurrice-daccueil\\\/\",\"url\":\"https:\\\/\\\/www.crl10.net\\\/index.php\\\/annonce\\\/unune-animateurrice-daccueil\\\/\",\"name\":\"Un(une) animateur(rice) d\u2019accueil - CRL10\",\"isPartOf\":{\"@id\":\"https:\\\/\\\/www.crl10.net\\\/#website\"},\"primaryImageOfPage\":{\"@id\":\"https:\\\/\\\/www.crl10.net\\\/index.php\\\/annonce\\\/unune-animateurrice-daccueil\\\/#primaryimage\"},\"image\":{\"@id\":\"https:\\\/\\\/www.crl10.net\\\/index.php\\\/annonce\\\/unune-animateurrice-daccueil\\\/#primaryimage\"},\"thumbnailUrl\":\"https:\\\/\\\/www.crl10.net\\\/wp-content\\\/uploads\\\/2024\\\/07\\\/MG_9706-scaled.jpg\",\"datePublished\":\"2024-08-02T17:37:45+00:00\",\"dateModified\":\"2024-08-02T17:42:17+00:00\",\"breadcrumb\":{\"@id\":\"https:\\\/\\\/www.crl10.net\\\/index.php\\\/annonce\\\/unune-animateurrice-daccueil\\\/#breadcrumb\"},\"inLanguage\":\"fr-FR\",\"potentialAction\":[{\"@type\":\"ReadAction\",\"target\":[\"https:\\\/\\\/www.crl10.net\\\/index.php\\\/annonce\\\/unune-animateurrice-daccueil\\\/\"]}]},{\"@type\":\"ImageObject\",\"inLanguage\":\"fr-FR\",\"@id\":\"https:\\\/\\\/www.crl10.net\\\/index.php\\\/annonce\\\/unune-animateurrice-daccueil\\\/#primaryimage\",\"url\":\"https:\\\/\\\/www.crl10.net\\\/wp-content\\\/uploads\\\/2024\\\/07\\\/MG_9706-scaled.jpg\",\"contentUrl\":\"https:\\\/\\\/www.crl10.net\\\/wp-content\\\/uploads\\\/2024\\\/07\\\/MG_9706-scaled.jpg\",\"width\":2560,\"height\":1707,\"caption\":\"Exposition \\\"Recr\u00e9ations photographiques\\\" au Centre Jean Verdier, printemps 2023\"},{\"@type\":\"BreadcrumbList\",\"@id\":\"https:\\\/\\\/www.crl10.net\\\/index.php\\\/annonce\\\/unune-animateurrice-daccueil\\\/#breadcrumb\",\"itemListElement\":[{\"@type\":\"ListItem\",\"position\":1,\"name\":\"Accueil\",\"item\":\"https:\\\/\\\/www.crl10.net\\\/\"},{\"@type\":\"ListItem\",\"position\":2,\"name\":\"Un(une) animateur(rice) d\u2019accueil\"}]},{\"@type\":\"WebSite\",\"@id\":\"https:\\\/\\\/www.crl10.net\\\/#website\",\"url\":\"https:\\\/\\\/www.crl10.net\\\/\",\"name\":\"CRL10\",\"description\":\"Education populaire, Paris 10e\",\"publisher\":{\"@id\":\"https:\\\/\\\/www.crl10.net\\\/#organization\"},\"potentialAction\":[{\"@type\":\"SearchAction\",\"target\":{\"@type\":\"EntryPoint\",\"urlTemplate\":\"https:\\\/\\\/www.crl10.net\\\/?s={search_term_string}\"},\"query-input\":{\"@type\":\"PropertyValueSpecification\",\"valueRequired\":true,\"valueName\":\"search_term_string\"}}],\"inLanguage\":\"fr-FR\"},{\"@type\":\"Organization\",\"@id\":\"https:\\\/\\\/www.crl10.net\\\/#organization\",\"name\":\"CRL10\",\"url\":\"https:\\\/\\\/www.crl10.net\\\/\",\"logo\":{\"@type\":\"ImageObject\",\"inLanguage\":\"fr-FR\",\"@id\":\"https:\\\/\\\/www.crl10.net\\\/#\\\/schema\\\/logo\\\/image\\\/\",\"url\":\"https:\\\/\\\/www.crl10.net\\\/wp-content\\\/uploads\\\/2022\\\/07\\\/CRL_logo_site.jpg\",\"contentUrl\":\"https:\\\/\\\/www.crl10.net\\\/wp-content\\\/uploads\\\/2022\\\/07\\\/CRL_logo_site.jpg\",\"width\":350,\"height\":100,\"caption\":\"CRL10\"},\"image\":{\"@id\":\"https:\\\/\\\/www.crl10.net\\\/#\\\/schema\\\/logo\\\/image\\\/\"},\"sameAs\":[\"https:\\\/\\\/www.facebook.com\\\/assocrl10\",\"https:\\\/\\\/www.instagram.com\\\/asso_crl10\\\/\",\"https:\\\/\\\/www.youtube.com\\\/@asso_crl10\",\"https:\\\/\\\/www.linkedin.com\\\/company\\\/crl10\\\/\",\"https:\\\/\\\/soundcloud.com\\\/user-291561763\",\"https:\\\/\\\/www.tiktok.com\\\/@asso_crl10\"]}]}<\/script>\n<!-- \/ Yoast SEO plugin. -->","yoast_head_json":{"title":"Un(une) animateur(rice) d\u2019accueil - CRL10","robots":{"index":"index","follow":"follow","max-snippet":"max-snippet:-1","max-image-preview":"max-image-preview:large","max-video-preview":"max-video-preview:-1"},"canonical":"https:\/\/www.crl10.net\/index.php\/annonce\/unune-animateurrice-daccueil\/","og_locale":"fr_FR","og_type":"article","og_title":"Un(une) animateur(rice) d\u2019accueil - CRL10","og_description":"Nous attachons une tr\u00e8s grande importance \u00e0 l&rsquo;accueil car c&rsquo;est le moment du premier contact avecles \u00e9quipes qui offriront une \u00e9coute personnalis\u00e9e et de qualit\u00e9 pour aider \u00e0 la fid\u00e9lisation desusagers et des adh\u00e9rents, donner la meilleure image des 4 centres Paris Anim&rsquo; du 10\u00e8me et conforterla convivialit\u00e9 de l\u2019association CRL10. L\u2019animateur(trice) d\u2019accueil occupe un [&hellip;]","og_url":"https:\/\/www.crl10.net\/index.php\/annonce\/unune-animateurrice-daccueil\/","og_site_name":"CRL10","article_publisher":"https:\/\/www.facebook.com\/assocrl10","article_modified_time":"2024-08-02T17:42:17+00:00","og_image":[{"width":2560,"height":1707,"url":"https:\/\/www.crl10.net\/wp-content\/uploads\/2024\/07\/MG_9706-scaled.jpg","type":"image\/jpeg"}],"twitter_card":"summary_large_image","twitter_misc":{"Dur\u00e9e de lecture estim\u00e9e":"1 minute"},"schema":{"@context":"https:\/\/schema.org","@graph":[{"@type":"WebPage","@id":"https:\/\/www.crl10.net\/index.php\/annonce\/unune-animateurrice-daccueil\/","url":"https:\/\/www.crl10.net\/index.php\/annonce\/unune-animateurrice-daccueil\/","name":"Un(une) animateur(rice) d\u2019accueil - CRL10","isPartOf":{"@id":"https:\/\/www.crl10.net\/#website"},"primaryImageOfPage":{"@id":"https:\/\/www.crl10.net\/index.php\/annonce\/unune-animateurrice-daccueil\/#primaryimage"},"image":{"@id":"https:\/\/www.crl10.net\/index.php\/annonce\/unune-animateurrice-daccueil\/#primaryimage"},"thumbnailUrl":"https:\/\/www.crl10.net\/wp-content\/uploads\/2024\/07\/MG_9706-scaled.jpg","datePublished":"2024-08-02T17:37:45+00:00","dateModified":"2024-08-02T17:42:17+00:00","breadcrumb":{"@id":"https:\/\/www.crl10.net\/index.php\/annonce\/unune-animateurrice-daccueil\/#breadcrumb"},"inLanguage":"fr-FR","potentialAction":[{"@type":"ReadAction","target":["https:\/\/www.crl10.net\/index.php\/annonce\/unune-animateurrice-daccueil\/"]}]},{"@type":"ImageObject","inLanguage":"fr-FR","@id":"https:\/\/www.crl10.net\/index.php\/annonce\/unune-animateurrice-daccueil\/#primaryimage","url":"https:\/\/www.crl10.net\/wp-content\/uploads\/2024\/07\/MG_9706-scaled.jpg","contentUrl":"https:\/\/www.crl10.net\/wp-content\/uploads\/2024\/07\/MG_9706-scaled.jpg","width":2560,"height":1707,"caption":"Exposition \"Recr\u00e9ations photographiques\" au Centre Jean Verdier, printemps 2023"},{"@type":"BreadcrumbList","@id":"https:\/\/www.crl10.net\/index.php\/annonce\/unune-animateurrice-daccueil\/#breadcrumb","itemListElement":[{"@type":"ListItem","position":1,"name":"Accueil","item":"https:\/\/www.crl10.net\/"},{"@type":"ListItem","position":2,"name":"Un(une) animateur(rice) d\u2019accueil"}]},{"@type":"WebSite","@id":"https:\/\/www.crl10.net\/#website","url":"https:\/\/www.crl10.net\/","name":"CRL10","description":"Education populaire, Paris 10e","publisher":{"@id":"https:\/\/www.crl10.net\/#organization"},"potentialAction":[{"@type":"SearchAction","target":{"@type":"EntryPoint","urlTemplate":"https:\/\/www.crl10.net\/?s={search_term_string}"},"query-input":{"@type":"PropertyValueSpecification","valueRequired":true,"valueName":"search_term_string"}}],"inLanguage":"fr-FR"},{"@type":"Organization","@id":"https:\/\/www.crl10.net\/#organization","name":"CRL10","url":"https:\/\/www.crl10.net\/","logo":{"@type":"ImageObject","inLanguage":"fr-FR","@id":"https:\/\/www.crl10.net\/#\/schema\/logo\/image\/","url":"https:\/\/www.crl10.net\/wp-content\/uploads\/2022\/07\/CRL_logo_site.jpg","contentUrl":"https:\/\/www.crl10.net\/wp-content\/uploads\/2022\/07\/CRL_logo_site.jpg","width":350,"height":100,"caption":"CRL10"},"image":{"@id":"https:\/\/www.crl10.net\/#\/schema\/logo\/image\/"},"sameAs":["https:\/\/www.facebook.com\/assocrl10","https:\/\/www.instagram.com\/asso_crl10\/","https:\/\/www.youtube.com\/@asso_crl10","https:\/\/www.linkedin.com\/company\/crl10\/","https:\/\/soundcloud.com\/user-291561763","https:\/\/www.tiktok.com\/@asso_crl10"]}]}},"_links":{"self":[{"href":"https:\/\/www.crl10.net\/index.php\/wp-json\/wp\/v2\/annonce\/13941","targetHints":{"allow":["GET"]}}],"collection":[{"href":"https:\/\/www.crl10.net\/index.php\/wp-json\/wp\/v2\/annonce"}],"about":[{"href":"https:\/\/www.crl10.net\/index.php\/wp-json\/wp\/v2\/types\/annonce"}],"version-history":[{"count":1,"href":"https:\/\/www.crl10.net\/index.php\/wp-json\/wp\/v2\/annonce\/13941\/revisions"}],"predecessor-version":[{"id":13942,"href":"https:\/\/www.crl10.net\/index.php\/wp-json\/wp\/v2\/annonce\/13941\/revisions\/13942"}],"wp:featuredmedia":[{"embeddable":true,"href":"https:\/\/www.crl10.net\/index.php\/wp-json\/wp\/v2\/media\/12727"}],"wp:attachment":[{"href":"https:\/\/www.crl10.net\/index.php\/wp-json\/wp\/v2\/media?parent=13941"}],"wp:term":[{"taxonomy":"contrat","embeddable":true,"href":"https:\/\/www.crl10.net\/index.php\/wp-json\/wp\/v2\/contrat?post=13941"}],"curies":[{"name":"wp","href":"https:\/\/api.w.org\/{rel}","templated":true}]}}

<p>Nous attachons une très grande importance à l&rsquo;accueil car c&rsquo;est le moment du premier contact avec<br>les équipes qui offriront une écoute personnalisée et de qualité pour aider à la fidélisation des<br>usagers et des adhérents, donner la meilleure image des 4 centres Paris Anim&rsquo; du 10ème et conforter<br>la convivialité de l’association CRL10. L’animateur(trice) d’accueil occupe un poste fondamental de notre activité.</p>

<!-- This site is optimized with the Yoast SEO plugin v27.5 - https://yoast.com/product/yoast-seo-wordpress/ -->
<title>Un(une) animateur(rice) d’accueil - CRL10</title>
<meta name="robots" content="index, follow, max-snippet:-1, max-image-preview:large, max-video-preview:-1" />
<link rel="canonical" href="https://www.crl10.net/index.php/annonce/unune-animateurrice-daccueil/" />
<meta property="og:locale" content="fr_FR" />
<meta property="og:type" content="article" />
<meta property="og:title" content="Un(une) animateur(rice) d’accueil - CRL10" />
<meta property="og:description" content="Nous attachons une très grande importance à l&rsquo;accueil car c&rsquo;est le moment du premier contact avecles équipes qui offriront une écoute personnalisée et de qualité pour aider à la fidélisation desusagers et des adhérents, donner la meilleure image des 4 centres Paris Anim&rsquo; du 10ème et conforterla convivialité de l’association CRL10. L’animateur(trice) d’accueil occupe un [&hellip;]" />
<meta property="og:url" content="https://www.crl10.net/index.php/annonce/unune-animateurrice-daccueil/" />
<meta property="og:site_name" content="CRL10" />
<meta property="article:publisher" content="https://www.facebook.com/assocrl10" />
<meta property="article:modified_time" content="2024-08-02T17:42:17+00:00" />
<meta property="og:image" content="https://www.crl10.net/wp-content/uploads/2024/07/MG_9706-scaled.jpg" />
	<meta property="og:image:width" content="2560" />
	<meta property="og:image:height" content="1707" />
	<meta property="og:image:type" content="image/jpeg" />
<meta name="twitter:card" content="summary_large_image" />
<meta name="twitter:label1" content="Durée de lecture estimée" />
	<meta name="twitter:data1" content="1 minute" />
<script type="application/ld+json" class="yoast-schema-graph">{"@context":"https:\/\/schema.org","@graph":[{"@type":"WebPage","@id":"https:\/\/www.crl10.net\/index.php\/annonce\/unune-animateurrice-daccueil\/","url":"https:\/\/www.crl10.net\/index.php\/annonce\/unune-animateurrice-daccueil\/","name":"Un(une) animateur(rice) d’accueil - CRL10","isPartOf":{"@id":"https:\/\/www.crl10.net\/#website"},"primaryImageOfPage":{"@id":"https:\/\/www.crl10.net\/index.php\/annonce\/unune-animateurrice-daccueil\/#primaryimage"},"image":{"@id":"https:\/\/www.crl10.net\/index.php\/annonce\/unune-animateurrice-daccueil\/#primaryimage"},"thumbnailUrl":"https:\/\/www.crl10.net\/wp-content\/uploads\/2024\/07\/MG_9706-scaled.jpg","datePublished":"2024-08-02T17:37:45+00:00","dateModified":"2024-08-02T17:42:17+00:00","breadcrumb":{"@id":"https:\/\/www.crl10.net\/index.php\/annonce\/unune-animateurrice-daccueil\/#breadcrumb"},"inLanguage":"fr-FR","potentialAction":[{"@type":"ReadAction","target":["https:\/\/www.crl10.net\/index.php\/annonce\/unune-animateurrice-daccueil\/"]}]},{"@type":"ImageObject","inLanguage":"fr-FR","@id":"https:\/\/www.crl10.net\/index.php\/annonce\/unune-animateurrice-daccueil\/#primaryimage","url":"https:\/\/www.crl10.net\/wp-content\/uploads\/2024\/07\/MG_9706-scaled.jpg","contentUrl":"https:\/\/www.crl10.net\/wp-content\/uploads\/2024\/07\/MG_9706-scaled.jpg","width":2560,"height":1707,"caption":"Exposition \"Recréations photographiques\" au Centre Jean Verdier, printemps 2023"},{"@type":"BreadcrumbList","@id":"https:\/\/www.crl10.net\/index.php\/annonce\/unune-animateurrice-daccueil\/#breadcrumb","itemListElement":[{"@type":"ListItem","position":1,"name":"Accueil","item":"https:\/\/www.crl10.net\/"},{"@type":"ListItem","position":2,"name":"Un(une) animateur(rice) d’accueil"}]},{"@type":"WebSite","@id":"https:\/\/www.crl10.net\/#website","url":"https:\/\/www.crl10.net\/","name":"CRL10","description":"Education populaire, Paris 10e","publisher":{"@id":"https:\/\/www.crl10.net\/#organization"},"potentialAction":[{"@type":"SearchAction","target":{"@type":"EntryPoint","urlTemplate":"https:\/\/www.crl10.net\/?s={search_term_string}"},"query-input":{"@type":"PropertyValueSpecification","valueRequired":true,"valueName":"search_term_string"}}],"inLanguage":"fr-FR"},{"@type":"Organization","@id":"https:\/\/www.crl10.net\/#organization","name":"CRL10","url":"https:\/\/www.crl10.net\/","logo":{"@type":"ImageObject","inLanguage":"fr-FR","@id":"https:\/\/www.crl10.net\/#\/schema\/logo\/image\/","url":"https:\/\/www.crl10.net\/wp-content\/uploads\/2022\/07\/CRL_logo_site.jpg","contentUrl":"https:\/\/www.crl10.net\/wp-content\/uploads\/2022\/07\/CRL_logo_site.jpg","width":350,"height":100,"caption":"CRL10"},"image":{"@id":"https:\/\/www.crl10.net\/#\/schema\/logo\/image\/"},"sameAs":["https:\/\/www.facebook.com\/assocrl10","https:\/\/www.instagram.com\/asso_crl10\/","https:\/\/www.youtube.com\/@asso_crl10","https:\/\/www.linkedin.com\/company\/crl10\/","https:\/\/soundcloud.com\/user-291561763","https:\/\/www.tiktok.com\/@asso_crl10"]}]}</script>
<!-- / Yoast SEO plugin. -->

Nous attachons une très grande importance à l&rsquo;accueil car c&rsquo;est le moment du premier contact avecles équipes qui offriront une écoute personnalisée et de qualité pour aider à la fidélisation desusagers et des adhérents, donner la meilleure image des 4 centres Paris Anim&rsquo; du 10ème et conforterla convivialité de l’association CRL10. L’animateur(trice) d’accueil occupe un [&hellip;]

Exposition "Recréations photographiques" au Centre Jean Verdier, printemps 2023
